{"id":28,"date":"2023-03-28T08:22:23","date_gmt":"2023-03-28T08:22:23","guid":{"rendered":"https:\/\/msr-mssf.com.pl\/?page_id=28"},"modified":"2023-03-29T08:00:25","modified_gmt":"2023-03-29T08:00:25","slug":"msr-i-mssf","status":"publish","type":"page","link":"https:\/\/msr-mssf.com.pl\/?page_id=28","title":{"rendered":"MSR i MSSF"},"content":{"rendered":"\n<div class=\"wp-block-columns is-layout-flex wp-container-core-columns-layout-1 wp-block-columns-is-layout-flex\">\n<div class=\"wp-block-column is-layout-flow wp-block-column-is-layout-flow\">\n<p>Mi\u0119dzynarodowe Standardy Rachunkowo\u015bci (MSR) lub te\u017c Mi\u0119dzynarodowe Standardy Sprawozdawczo\u015bci Finansowej (MSSF)&nbsp;to standardy rachunkowo\u015bci przyj\u0119te na gruncie mi\u0119dzynarodowym i stanowi\u0105ce podstaw\u0119 zrozumienia zasad i metod rachunkowo\u015bci stosowanych na \u015bwiecie.<\/p>\n<\/div>\n\n\n\n<div class=\"wp-block-column is-layout-flow wp-block-column-is-layout-flow\">\n<p>Rozw\u00f3j mi\u0119dzynarodowego rynku kapita\u0142owego i integracji zw\u0142aszcza w ramach organiza\u00adcji Unii Europejskiej i OECD stworzy\u0142y podstawy do wolnego przep\u0142ywu kapita\u0142u i inwestycji bezpo\u015brednich. Wraz z tym rozwojem pojawi\u0142a si\u0119 potrzeba ujednolicenia sprawozdawczo\u015bci finansowej jako narz\u0119dzia umo\u017cliwiaj\u0105cego dokonywania niezb\u0119dnych analiz i por\u00f3wna\u0144 w celu podj\u0119cia decyzji finansowych.<\/p>\n<\/div>\n<\/div>\n\n\n\n<h2 class=\"has-text-align-center has-accent-color has-text-color wp-block-heading\">Charakterystyka MSSF<\/h2>\n\n\n\n<div class=\"wp-block-media-text alignwide has-media-on-the-right is-stacked-on-mobile\"><div class=\"wp-block-media-text__content\">\n<p>Mi\u0119dzynarodowe Standardy Sprawozdawczo\u015bci Finansowej okre\u015blaj\u0105:<\/p>\n\n\n\n<ul>\n<li>spos\u00f3b prezentacji danych finansowych,<\/li>\n\n\n\n<li>metody wyceny poszczeg\u00f3lnych sk\u0142adnik\u00f3w aktyw\u00f3w i pasyw\u00f3w,<\/li>\n\n\n\n<li>zakres informacji, jaki nale\u017cy ujawni\u0107 w sprawozdaniu finansowym,<\/li>\n\n\n\n<li>spos\u00f3b prezentacji sprawozdania z przep\u0142yw\u00f3w \u015brodk\u00f3w pieni\u0119\u017cnych,<\/li>\n\n\n\n<li>metody prezentacji maj\u0105tku trwa\u0142ego.<\/li>\n<\/ul>\n<\/div><figure class=\"wp-block-media-text__media\"><img loading=\"lazy\" decoding=\"async\" width=\"1024\" height=\"683\" src=\"https:\/\/msr-mssf.com.pl\/wp-content\/uploads\/2023\/03\/pexels-pixabay-210607-1024x683.jpg\" alt=\"\" class=\"wp-image-31 size-full\" srcset=\"https:\/\/msr-mssf.com.pl\/wp-content\/uploads\/2023\/03\/pexels-pixabay-210607-1024x683.jpg 1024w, https:\/\/msr-mssf.com.pl\/wp-content\/uploads\/2023\/03\/pexels-pixabay-210607-300x200.jpg 300w, https:\/\/msr-mssf.com.pl\/wp-content\/uploads\/2023\/03\/pexels-pixabay-210607-768x512.jpg 768w, https:\/\/msr-mssf.com.pl\/wp-content\/uploads\/2023\/03\/pexels-pixabay-210607-1536x1024.jpg 1536w, https:\/\/msr-mssf.com.pl\/wp-content\/uploads\/2023\/03\/pexels-pixabay-210607-2048x1365.jpg 2048w, https:\/\/msr-mssf.com.pl\/wp-content\/uploads\/2023\/03\/pexels-pixabay-210607-1200x800.jpg 1200w, https:\/\/msr-mssf.com.pl\/wp-content\/uploads\/2023\/03\/pexels-pixabay-210607-1980x1320.jpg 1980w\" sizes=\"(max-width: 1024px) 100vw, 1024px\" \/><\/figure><\/div>\n\n\n\n<div class=\"wp-block-media-text alignwide is-stacked-on-mobile\"><figure class=\"wp-block-media-text__media\"><img loading=\"lazy\" decoding=\"async\" width=\"1024\" height=\"737\" src=\"https:\/\/msr-mssf.com.pl\/wp-content\/uploads\/2023\/03\/pexels-anna-nekrashevich-6801874-1024x737.jpg\" alt=\"\" class=\"wp-image-29 size-full\" srcset=\"https:\/\/msr-mssf.com.pl\/wp-content\/uploads\/2023\/03\/pexels-anna-nekrashevich-6801874-1024x737.jpg 1024w, https:\/\/msr-mssf.com.pl\/wp-content\/uploads\/2023\/03\/pexels-anna-nekrashevich-6801874-300x216.jpg 300w, https:\/\/msr-mssf.com.pl\/wp-content\/uploads\/2023\/03\/pexels-anna-nekrashevich-6801874-768x553.jpg 768w, https:\/\/msr-mssf.com.pl\/wp-content\/uploads\/2023\/03\/pexels-anna-nekrashevich-6801874-1536x1106.jpg 1536w, https:\/\/msr-mssf.com.pl\/wp-content\/uploads\/2023\/03\/pexels-anna-nekrashevich-6801874-2048x1474.jpg 2048w, https:\/\/msr-mssf.com.pl\/wp-content\/uploads\/2023\/03\/pexels-anna-nekrashevich-6801874-1200x864.jpg 1200w, https:\/\/msr-mssf.com.pl\/wp-content\/uploads\/2023\/03\/pexels-anna-nekrashevich-6801874-1980x1425.jpg 1980w\" sizes=\"(max-width: 1024px) 100vw, 1024px\" \/><\/figure><div class=\"wp-block-media-text__content\">\n<p>Cechy jako\u015bciowe sprawozda\u0144, jakimi sporz\u0105dzaj\u0105cy powinni si\u0119 kierowa\u0107 przy opracowywaniu sprawozdania finansowego to:<\/p>\n\n\n\n<ul>\n<li>zrozumia\u0142o\u015b\u0107,<\/li>\n\n\n\n<li>trafno\u015b\u0107,<\/li>\n\n\n\n<li>wiarygodno\u015b\u0107,<\/li>\n\n\n\n<li>przydatno\u015b\u0107,<\/li>\n\n\n\n<li>por\u00f3wnywalno\u015b\u0107 i<\/li>\n\n\n\n<li>istotno\u015b\u0107.<\/li>\n<\/ul>\n<\/div><\/div>\n\n\n\n<h2 class=\"has-text-align-center has-accent-color has-text-color wp-block-heading\">Mo\u017cliwo\u015b\u0107 stosowania <\/h2>\n\n\n\n<p>Wed\u0142ug Ustawy o rachunkowo\u015bci istnieje do\u015b\u0107 szeroka dobrowolno\u015b\u0107 stosowania MSR, jednak nie nale\u017cy zapomina\u0107, i\u017c decyzj\u0119 w tym zakresie podejmuje jedynie podmiot zatwierdzaj\u0105cy sprawozdanie finansowe, np. Walne Zgromadzenie Akcjonariuszy.<\/p>\n\n\n\n<h5 class=\"has-text-align-center wp-block-heading\">Warunki, w kt\u00f3rych sprawozdanie finansowe, mo\u017ce by\u0107 sporz\u0105dzone na podstawie MSR:<\/h5>\n\n\n\n<div class=\"wp-block-columns is-layout-flex wp-container-core-columns-layout-2 wp-block-columns-is-layout-flex\">\n<div class=\"wp-block-column is-layout-flow wp-block-column-is-layout-flow\">\n<ul>\n<li>Podmiot sporz\u0105dzaj\u0105cy sprawozdanie jest emitentem papier\u00f3w warto\u015bciowych na jednym z rynk\u00f3w regulowanych kraj\u00f3w Europejskiego Obszary Gospodarczego, kt\u00f3ry obejmuje Pa\u0144stwa cz\u0142onkowskie UE, a tak\u017ce Norwegi\u0119, Islandi\u0119 oraz Liechtenstein (np. jest notowany na Warszawskiej Gie\u0142dzie Papier\u00f3w Warto\u015bciowych).<\/li>\n\n\n\n<li>Sprawozdanie finansowe wg MSR mo\u017ce r\u00f3wnie\u017c przygotowa\u0107 podmiot, kt\u00f3ry jest emitentem papier\u00f3w warto\u015bciowych i stara si\u0119 o dopuszczenie swych papier\u00f3w do obrotu na jednym z rynk\u00f3w regulowanych kraj\u00f3w Europejskiego Obszaru Gospodarczego (zosta\u0142 rozpocz\u0119ty proces, tj. z\u0142o\u017cenie nale\u017cytych dokument\u00f3w do Komisji Nadzoru Finansowego).<\/li>\n\n\n\n<li>Emitent papier\u00f3w warto\u015bciowych ma mo\u017cliwo\u015b\u0107 przygotowania sprawozdania finansowego na podstawie MSR, r\u00f3wnie\u017c w przypadku, gdy ma zamiar stara\u0107 si\u0119 o dopuszczenie jego papier\u00f3w warto\u015bciowych do obrotu na jednym z rynk\u00f3w Europejskiego Obszaru Gospodarczego (zamiar takie jest zwykle wykazywany na podstawie uchwa\u0142y WZA, kt\u00f3ra wyznacza rynek, na kt\u00f3rym planuje si\u0119 obr\u00f3t, a tak\u017ce przypuszczaln\u0105 dat\u0119 jego rozpocz\u0119cia)<\/li>\n\n\n\n<li>Sprawozdanie finansowe mo\u017ce by\u0107 tak\u017ce przygotowywane przez podmiot, kt\u00f3ry znajduje si\u0119 w sk\u0142adzie grupy kapita\u0142owej, w kt\u00f3rej organ dominuj\u0105cy (np. w\u0142a\u015bciciel z wi\u0119kszo\u015bci\u0105 udzia\u0142\u00f3w) sporz\u0105dza skonsolidowane sprawozdanie finansowe na podstawie MSR.<\/li>\n\n\n\n<li>Mo\u017cliwo\u015b\u0107 przygotowywania sprawozdania finansowego wed\u0142ug MSR ma r\u00f3wnie\u017c podmiot \u2013 oddzia\u0142 firmy zagranicznej, kt\u00f3ra sporz\u0105dza sprawozdanie na podstawie MSR.<\/li>\n<\/ul>\n<\/div>\n<\/div>\n\n\n\n<div class=\"wp-block-buttons is-layout-flex wp-block-buttons-is-layout-flex\">\n<div class=\"wp-block-button has-custom-width wp-block-button__width-100\"><a class=\"wp-block-button__link wp-element-button\" href=\"https:\/\/www.adnakademia.pl\/?s=msr\" target=\"_blank\" rel=\"noreferrer noopener\">zapisz si\u0119 na szkolenie<\/a><\/div>\n<\/div>\n","protected":false},"excerpt":{"rendered":"<p>Mi\u0119dzynarodowe Standardy Rachunkowo\u015bci (MSR) lub te\u017c Mi\u0119dzynarodowe Standardy Sprawozdawczo\u015bci Finansowej (MSSF)&nbsp;to standardy rachunkowo\u015bci przyj\u0119te na gruncie mi\u0119dzynarodowym i stanowi\u0105ce podstaw\u0119 zrozumienia zasad i metod rachunkowo\u015bci stosowanych na \u015bwiecie. Rozw\u00f3j mi\u0119dzynarodowego rynku kapita\u0142owego i integracji zw\u0142aszcza w ramach organiza\u00adcji Unii Europejskiej i OECD stworzy\u0142y podstawy do wolnego przep\u0142ywu kapita\u0142u i inwestycji bezpo\u015brednich. Wraz z tym rozwojem [&hellip;]<\/p>\n","protected":false},"author":2,"featured_media":0,"parent":0,"menu_order":0,"comment_status":"closed","ping_status":"closed","template":"","meta":{"footnotes":""},"_links":{"self":[{"href":"https:\/\/msr-mssf.com.pl\/index.php?rest_route=\/wp\/v2\/pages\/28"}],"collection":[{"href":"https:\/\/msr-mssf.com.pl\/index.php?rest_route=\/wp\/v2\/pages"}],"about":[{"href":"https:\/\/msr-mssf.com.pl\/index.php?rest_route=\/wp\/v2\/types\/page"}],"author":[{"embeddable":true,"href":"https:\/\/msr-mssf.com.pl\/index.php?rest_route=\/wp\/v2\/users\/2"}],"replies":[{"embeddable":true,"href":"https:\/\/msr-mssf.com.pl\/index.php?rest_route=%2Fwp%2Fv2%2Fcomments&post=28"}],"version-history":[{"count":5,"href":"https:\/\/msr-mssf.com.pl\/index.php?rest_route=\/wp\/v2\/pages\/28\/revisions"}],"predecessor-version":[{"id":44,"href":"https:\/\/msr-mssf.com.pl\/index.php?rest_route=\/wp\/v2\/pages\/28\/revisions\/44"}],"wp:attachment":[{"href":"https:\/\/msr-mssf.com.pl\/index.php?rest_route=%2Fwp%2Fv2%2Fmedia&parent=28"}],"curies":[{"name":"wp","href":"https:\/\/api.w.org\/{rel}","templated":true}]}}